.
61
What is the highest common divisor of 16650 and 43975?
25
What is the highest common factor of 42191242 and 658?
94
What is the highest common divisor of 191620 and 2054019?
737
What is the greatest common divisor of 9711 and 11792391?
3237
What is the greatest common factor of 31564 and 1280770?
1214
What is the greatest common divisor of 1861500 and 2050?
50
Calculate the greatest common factor of 13655872 and 53568.
1984
What is the highest common factor of 155141 and 306089?
4193
What is the highest common divisor of 8614088 and 4242?
1414
Calculate the greatest common factor of 1042888 and 86343.
1693
Calculate the highest common factor of 7594576 and 1232.
176
Calculate the greatest common factor of 5612 and 15548828.
92
What is the highest common factor of 284 and 907309?
71
What is the highest common divisor of 246245 and 14705?
85
What is the greatest common factor of 3814 and 4778942?
3814
Calculate the highest common factor of 375525 and 1544625.
225
Calculate the greatest common factor of 317 and 10052704.
317
What is the highest common factor of 8 and 1775819?
1
What is the greatest common divisor of 1485360 and 300?
60
What is the greatest common divisor of 29971 and 583553?
1763
Calculate the highest common factor of 5785 and 79009305.
445
Calculate the greatest common factor of 98 and 749081326.
98
Calculate the highest common factor of 354864 and 1488.
48
Calculate the greatest common factor of 76834 and 3526.
82
What is the highest common divisor of 7680 and 31768680?
120
What is the highest common divisor of 200416 and 416?
32
Calculate the highest common factor of 391 and 74728702.
391
Calculate the greatest common divisor of 21948198 and 3064.
766
What is the highest common factor of 61 and 25884923?
61
What is the highest common factor of 232580 and 69020?
580
What is the highest common divisor of 3030282 and 3318?
474
Calculate the greatest common divisor of 2376 and 623744.
88
Calculate the greatest common divisor of 155471 and 116737.
107
Calculate the greatest common divisor of 9612078 and 322.
14
Calculate the greatest common divisor of 3597970 and 133062.
662
Calculate the highest common divisor of 156769 and 25783.
19
Calculate the greatest common divisor of 59567380 and 50089.
3853
What is the highest common divisor of 5272 and 187464?
8
What is the greatest common divisor of 64637370 and 1890?
630
Calculate the highest common factor of 896013 and 1073.
29
What is the greatest common divisor of 1706 and 10201027?
853
Calculate the highest common divisor of 256 and 3009344.
64
Calculate the greatest common factor of 212 and 61123575.
53
What is the highest common divisor of 346243 and 809429?
2293
Calculate the highest common divisor of 84410 and 2553.
23
Calculate the greatest common divisor of 797979 and 1428.
21
Calculate the greatest common divisor of 4209 and 2650911.
69
Calculate the highest common factor of 272 and 22913263.
17
Calculate the greatest common divisor of 220571784 and 360.
72
Calculate the highest common factor of 2920 and 29070080.
40
What is the highest common factor of 23003343 and 99?
99
What is the highest common factor of 194773422 and 6?
6
What is the greatest common divisor of 603605434 and 68?
34
What is the greatest common factor of 1752 and 922224?
24
What is the greatest common divisor of 2409 and 41976?
33
Calculate the highest common factor of 311113866 and 798.
798
What is the greatest common factor of 27927 and 21609?
9
What is the greatest common factor of 4994 and 600642?
454
What is the highest common divisor of 1069401 and 18?
3
Calculate the highest common divisor of 39223535 and 24580.
6145
What is the greatest common factor of 1246168 and 15028?
1156
Calculate the highest common factor of 56 and 94909304.
56
Calculate the highest common divisor of 15811818 and 219422.
4478
Calculate the highest common factor of 21223 and 15253752.
1117
Calculate the highest common divisor of 17297500 and 3774.
1258
What is the highest common divisor of 4007 and 119268355?
4007
What is the greatest common factor of 195926 and 19723?
163
What is the highest common divisor of 2720 and 1445728960?
2720
Calculate the highest common divisor of 7963875 and 12375.
1125
What is the greatest common divisor of 5 and 9682550?
5
What is the highest common divisor of 2285310 and 663?
51
What is the greatest common divisor of 13866 and 327?
3
What is the greatest common divisor of 1031700 and 11222?
362
Calculate the highest common divisor of 58 and 7851518.
58
What is the greatest common factor of 4555840 and 155?
5
What is the highest common factor of 560 and 237418160?
560
Calculate the greatest common factor of 628 and 3923.
1
What is the greatest common factor of 2502061339 and 2623?
2623
What is the greatest common divisor of 15357650 and 110?
110
What is the greatest common factor of 15940226 and 3342?
1114
What is the highest common divisor of 214932410 and 140?
70
Calculate the greatest common factor of 56 and 26797568.
56
What is the greatest common divisor of 20069 and 548443?
329
Calculate the highest common factor of 132709449 and 2361.
2361
Calculate the greatest common factor of 14504 and 653864.
296
Calculate the greatest common divisor of 988 and 2224196.
52
Calculate the greatest common factor of 332 and 69808478.
166
Calculate the greatest common divisor of 273570 and 20262.
66
What is the greatest common factor of 544 and 407375488?
544
Calculate the greatest common divisor of 96 and 21244128.
96
What is the greatest common divisor of 8512907 and 11245?
13
What is the greatest common divisor of 5499 and 61703343?
117
What is the greatest common divisor of 2905944 and 108?
12
What is the highest common divisor of 5643 and 36949?
11
What is the greatest common factor of 4245900 and 1440?
60
Calculate the greatest common divisor of 29529032 and 2704.
1352
What is the greatest common factor of 36924 and 417024?
2172
Calculate the greatest common divisor of 902861 and 11191.
361
What is the greatest common divisor of 7285361 and 43?
43
Calculate the greatest common divisor of 21 and 20273982.
3
What is the greatest common divisor of 16 and 683048?
8
What is the highest common divisor of 18506 and 38099958?
974
What is the highest common factor of 39 and 11138517?
39
Calculate the highest common divisor of 1786376 and 1504.
376
What is the highest common divisor of 2223 and 37855467?
2223
What is the greatest common factor of 543184 and 389776?
272
What is the highest common factor of 166773 and 693679?
2417
What is the highest common factor of 56 and 19742058?
14
Calculate the greatest common divisor of 16859 and 430192.
23
Calculate the highest common factor of 15695602 and 1313.
1313
What is the highest common factor of 980 and 115376380?
980
Calculate the highest common divisor of 33120 and 2640.
240
Calculate the greatest common factor of 258 and 52014.
6
What is the highest common factor of 10323012 and 238?
238
What is the greatest common divisor of 2167332 and 5191?
179
Calculate the highest common divisor of 100629125 and 50.
25
Calculate the greatest common factor of 4472201 and 6441.
2147
What is the greatest common factor of 4345 and 1135783?
869
What is the highest common factor of 5217 and 196601?
47
What is the greatest common factor of 22 and 141042462?
22
What is the highest common factor of 580 and 129748100?
20
Calculate the highest common factor of 18 and 242196138.
18
Calculate the greatest common factor of 3996685 and 339570.
2695
What is the highest common divisor of 781165 and 20?
5
What is the highest common divisor of 424 and 6871132?
212
What is the greatest common factor of 1703576 and 7105?
203
What is the greatest common factor of 955508 and 116?
4
Calculate the highest common factor of 1486550 and 315250.
650
Calculate the greatest common factor of 5361 and 7342783.
1787
Calculate the highest common divisor of 61965 and 3299445.
765
Calculate the highest common divisor of 356879 and 7849.
167
What is the greatest common factor of 8379 and 10355247?
1197
Calculate the highest common divisor of 191466 and 39.
3
What is the highest common divisor of 245 and 1593248?
1
Calculate the greatest common factor of 5412176 and 82754.
322
What is the highest co